099. Calculate n(-9).
24
Let m(w) = -2*w**2 - 3321*w + 74025. Give m(22).
-5
Let w(f) = -753*f - 119748. What is w(-159)?
-21
Let w(n) = n**2 + 19*n - 1332. Determine w(29).
60
Let r(z) = -458*z - 17357. Determine r(-38).
47
Let j(o) = 3*o**3 - 3*o**2 - 1174*o + 129. What is j(-19)?
775
Let l(s) = s**3 + 118*s**2 + 1544*s - 7. Calculate l(-15).
8
Let g(l) = 672*l**2 + 262*l - 215. Give g(1).
719
Let t(h) = -1719*h - 998. What is t(0)?
-998
Let l(t) = -4*t**3 + 3*t**2 + 201*t + 600. Calculate l(-3).
132
Let l(f) = -7*f**2 + 307*f + 8921. Calculate l(-20).
-19
Let r(w) = 1131711*w + 3395143. Calculate r(-3).
10
Let n(x) = 11612*x - 301910. Determine n(26).
2
Let t(s) = -s**2 + 629*s - 98104. Calculate t(343).
-6
Let s(n) = -6*n**2 + 64267*n - 513748. Calculate s(8).
4
Let y(b) = 1371*b - 52070. What is y(38)?
28
Let g(a) = 6*a**3 + 8*a**2 - 21*a + 66. Give g(4).
494
Let g(y) = 3957*y + 35633. What is g(-9)?
20
Let k(u) = 3*u**3 - 40*u**2 + 2178*u - 36944. What is k(16)?
-48
Let w(c) = c**3 + 33*c**2 + 97*c - 155. What is w(-30)?
-365
Let p(j) = j**3 + 189*j**2 + 6676*j + 124. Calculate p(-142).
-160
Let k(m) = 140*m - 7512. Calculate k(52).
-232
Let v(r) = 2274*r + 32196. What is v(-14)?
360
Let o(l) = -1219*l**2 - 21931*l + 183. Determine o(-18).
-15
Let l(g) = -267*g + 748. Give l(0).
748
Let i(q) = -q**3 - 271*q**2 - 16196*q + 363. Give i(-182).
-1
Let j(c) = 1838*c - 1293950. Calculate j(704).
2
Let h(y) = 2637*y - 41989. Determine h(16).
203
Let f(r) = 7917*r - 292947. Calculate f(37).
-18
Let t(w) = -w**3 - 81*w**2 - 694*w + 1589. Give t(-12).
-19
Let r(u) = -23*u**3 + 1173*u**2 - 35*u + 1798. What is r(51)?
13
Let y(n) = -2*n**2 - 105*n - 1114. Calculate y(-37).
33
Let a(k) = -20*k**2 - 6066*k + 28995. Determine a(-308).
43
Let o(p) = 8269*p - 139. Determine o(1).
8130
Let f(q) = -17177*q - 137313. Determine f(-8).
103
Let v(o) = -2*o**3 - 5*o**2 - 11*o + 65. Calculate v(-7).
583
Let s(b) = b**2 + 351*b + 2271. Calculate s(-14).
-2447
Let d(f) = 917*f + 93498. Determine d(-102).
-36
Let m(b) = 2*b**2 + 140889*b + 4224869. Calculate m(-30).
-1
Let j(r) = -r**3 - 27*r**2 - 107*r + 271. Calculate j(-7).
40
Let m(g) = -g**3 + 156*g**2 + 1125*g + 2613. Calculate m(163).
5
Let n(d) = 2757*d + 1196392. What is n(-434)?
-146
Let f(c) = 2*c**3 + 33*c**2 + 50*c + 1631. Calculate f(-19).
-1124
Let s(r) = -75*r + 19999. Give s(292).
-1901
Let v(w) = 7*w**3 + 218*w**2 + 27*w - 132. What is v(-31)?
-8
Let p(k) = 26*k**2 + 1158*k + 5666. Give p(-39).
50
Let o(h) = -h**3 + 26*h**2 + 384*h + 137. Give o(-10).
-103
Let m(p) = 3*p**3 + 176*p**2 + 847*p + 53458. Determine m(-59).
4
Let o(v) = -4630*v - 41671. Calculate o(-9).
-1
Let m(h) = 78*h + 15807. Give m(-202).
51
Let w(i) = i**3 + 158*i**2 + 854*i + 431. Give w(-5).
-14
Let j(d) = -d**2 - 1226*d + 278866. Calculate j(196).
154
Let q(f) = f**3 + 26*f**2 - 14*f - 421. Give q(4).
3
Let q(v) = -v**3 + 4*v**2 - 28807*v + 86413. Calculate q(3).
1
Let b(w) = 127378*w - 254681. What is b(2)?
75
Let t(d) = -473*d - 40755. Calculate t(-86).
-77
Let c(g) = -525*g - 78274. Calculate c(-149).
-49
Let g(m) = -135*m**2 - 579*m - 565. Give g(-1).
-121
Let a(p) = -11096*p + 488216. Determine a(44).
-8
Let t(j) = 36*j**2 + 394*j - 26. Calculate t(-11).
-4
Let l(f) = 2850*f - 25654. Calculate l(9).
-4
Let b(g) = -3*g**3 - 498*g**2 - 1307*g - 53021. Calculate b(-164).
-49
Let p(t) = -1027*t - 19300. What is p(-19)?
213
Let h(n) = n**3 + 30*n**2 - 305*n - 7705. Calculate h(-32).
7
Let f(o) = -4*o**3 + 65*o**2 + 41*o - 156. Calculate f(17).
-326
Let h(l) = -1467*l**2 + 208*l - 422. Determine h(2).
-5874
Let b(n) = -115*n**2 + 1128*n - 321. Calculate b(9).
516
Let g(y) = 17*y**2 + 10*y + 45. Determine g(-5).
420
Let o(y) = -114965*y - 575248. Determine o(-5).
-423
Let u(f) = -2*f**3 - 156*f**2 + 35*f + 25751. Give u(-76).
-13
Let a(k) = 37*k**2 + 179*k. Determine a(-10).
1910
Let l(v) = 8944*v - 80502. Calculate l(9).
-6
Let k(s) = -38*s**3 + 130*s**2 + 496*s - 13. What is k(-4)?
2515
Let t(d) = 30395*d + 121579. Determine t(-4).
-1
Let p(o) = o**2 - 2525*o - 22813. What is p(-9)?
-7
Let l(t) = t**3 + 18*t**2 + 22*t - 606. Calculate l(-12).
-6
Let j(w) = w**3 - 180*w**2 + 67*w + 197916. Determine j(173).
4
Let i(y) = 10*y**2 - 131*y + 1123. Determine i(9).
754
Let b(t) = 132*t - 3411. Calculate b(26).
21
Let u(i) = -i**3 - 201*i**2 - 14*i - 2521. Give u(-201).
293
Let a(m) = -m**2 - 4687*m - 2336059. What is a(-567)?
-19
Let q(w) = w**3 + 2*w**2 - 237*w + 330. Determine q(14).
148
Let k(n) = -n**3 - 43*n**2 + 14*n + 1057. Determine k(-43).
455
Let w(c) = c**3 - 18*c**2 + 107*c + 15379. Calculate w(-19).
-11
Let o(a) = 17230*a - 3997371. Give o(232).
-11
Let d(a) = -a**3 + 2*a**2 + 224*a - 155. Give d(17).
-682
Let z(u) = -10*u**2 + 4650*u + 28097. Determine z(-6).
-163
Let x(u) = 16392*u - 2130921. What is x(130)?
39
Let b(z) = z**3 - 15*z**2 - 1634*z + 18506. Calculate b(11).
48
Let b(c) = -c**3 - 180*c**2 + 630*c - 6. Determine b(0).
-6
Let g(m) = -4214*m + 113795. Determine g(27).
17
Let h(z) = z**3 + 6*z**2 + 15430*z + 15420. Determine h(-1).
-5
Let d(n) = -99*n - 6332. Give d(-67).
301
Let k(h) = 165*h**3 - 8086*h**2 + 18*h + 1521. Calculate k(49).
2
Let n(c) = -221*c - 4918. Determine n(-25).
607
Let p(q) = q**2 - 41430*q - 1409721. Calculate p(-34).
55
Let b(x) = -x**2 + 3133*x - 562046. Determine b(191).
-124
Let u(t) = 129147*t - 516649. Give u(4).
-61
Let j(u) = -9*u**2 - 163128*u - 163119. Calculate j(-1).
0
Let s(o) = -1011*o**2 - 68746*o + 126. Determine s(-68).
-10
Let k(x) = 2*x**2 - 12109*x - 133435. Give k(-11).
6
Let s(r) = r**2 + 568230*r + 6250458. Calculate s(-11).
49
Let p(q) = 7496789*q + 37483947. Calculate p(-5).
2
Let o(w) = 2*w**2 + 196258*w - 392522. Determine o(2).
2
Let t(u) = -u**2 + 66*u + 386. What is t(-7)?
-125
Let w(y) = -2*y**2 + 593*y - 43914. Calculate w(144).
6
Let m(p) = -15*p**2 + 35*p + 63. What is m(9)?
-837
Let m(i) = i**3 + 22*i**2 + 530*i + 3638. Give m(-7).
663
Let s(t) = t**3 - 19*t**2 - 165*t + 691. What is s(25)?
316
Let t(l) = 2*l**3 - 349*l**2 + 1416*l + 40. Calculate t(4).
248
Let f(q) = -7*q**3 - 48*q**2 - 95*q - 1269. What is f(-8)?
3
Let i(l) = -62*l + 9178. What is i(151)?
-184
Let m(w) = -247*w**2 - 2352*w + 11180. What is m(-13)?
13
Let l(r) = -65*r - 61. Give l(-17).
1044
Let n(m) = -m**3 - 177*m**2 + 533*m - 1412. Give n(-180).
-152
Let g(v) = v**2 - 176*v + 19. Calculate g(0).
19
Let z(o) = -o**3 + 507*o**2 + 7305*o - 5750. Determine z(521).
-19
Let j(u) = u**3 - 9*u**2 + 455*u - 5106. Give j(11).
141
Let w(f) = 790*f + 8347. What is w(-11)?
-343
Let r(p) = 4*p**3 + 42*p**2 + 125*p + 11. Calculate r(-4).
-73
Let l(c) = 6439*c - 32063. Determine l(5).
132
Let b(r) = -139*r**3 + 198*r**2 - 17*r - 3. What is b(1)?
39
Let u(o) = 188*o**2 + 120*o - 56. Give u(-1).
12
Let m(g) = -63013*g**2 - 3024625*g - 45. Determine m(-48).
3
Let v(z) = -3*z**3 - 192*z**2 + 25*z - 188. Calculate v(-64).
-1788
Let r(o) = -271857*o - 7340140. Calculate r(-27).
-1
Let y(v) = -292*v - 72966. Determine y(-250).
34
Let h(v) = 7*v**2 - 127*v + 636. Determine h(10).
66
Let a(s) = 6947*s + 653032. Calculate a(-94).
14
Let o(k) = -k**3 - 222*k**2 - 4585*k - 1581. What is o(-199)?
11
Let j(w) = -w**3 + 100*w**2 + 125*w - 1864. Calculate j(101).
560
Let i(l) = l**3 - 86*l**2 + 1309*l + 237. What is i(18)?
1767
Let z(m) = -5*m**2 - 325*m - 2024. Determine z(-58).
6
Let u(w) = 1213*w**2 - 2659*w + 5. Calculate u(2).
-461
Let m(u) = 3774*u - 200035. What is m(53)?
-13
Let i(b) = -1285*b - 104085. Calculate i(-81).
0
Let r(m) = m**3 + 22*m**2 + 102*m + 937. Calculate r(-19).
82
Let w(m) = 306*m + 16196. Calculate w(-50).
896
Let h(x) = 9*x**2 - 1704*x - 10534. Give h(-6).
14
Let j(o) = 6*o**3 + 163*o**2 - 108*o - 7527. What is j(-26)?
13
Let w(i) = 4*i**2 - 3547*i + 364764. Give w(768).
-36
Let o(r) = r**3 + 132*r**2 + 875*r - 29. What is o(-7)?
-29
Let f(d) = 74*d**3 - 26349*d**2 + 1778*d + 703. What is f(356)?
-9
Let a(w) = -3*w**3 - 627*w**2 + 629*w - 431. What is a(-210)?
-221
Let h(s) = s**3 - 44*s**2 - 19402*s + 817. Calculate h(163).
2
Let i(l) = 3*l**3 - 849*l**2 + 762*l + 23682. Determine i(282).
-6
Let u(v) = v**3 - 14*v**2 + 137849*v - 1929889. Give u(14).
-3
Let k(a) = -3*a**3 - 83